{"id":700,"date":"2025-02-27T16:24:15","date_gmt":"2025-02-27T19:24:15","guid":{"rendered":"http:\/\/10.10.50.51\/?page_id=700"},"modified":"2025-11-26T14:57:14","modified_gmt":"2025-11-26T18:57:14","slug":"infraestructura-y-servicios","status":"publish","type":"page","link":"https:\/\/www.hms.cl\/index.php\/infraestructura-y-servicios\/","title":{"rendered":"INFRAESTRUCTURA Y SERVICIOS"},"content":{"rendered":"\t\t<div data-elementor-type=\"wp-page\" data-elementor-id=\"700\" class=\"elementor elementor-700\" data-elementor-post-type=\"page\">\n\t\t\t\t<div class=\"elementor-element elementor-element-6ebe669a e-con-full e-flex e-con e-parent\" data-id=\"6ebe669a\" data-element_type=\"container\">\n\t\t\t\t<div class=\"elementor-element elementor-element-389a6b4 elementor-widget elementor-widget-heading\" data-id=\"389a6b4\" data-element_type=\"widget\" data-widget_type=\"heading.default\">\n\t\t\t\t<div class=\"elementor-widget-container\">\n\t\t\t\t\t<h2 class=\"elementor-heading-title elementor-size-default\">INFRAESTRUCTURA Y SERVICIOS<\/h2>\t\t\t\t<\/div>\n\t\t\t\t<\/div>\n\t\t\t\t<\/div>\n\t\t<div class=\"elementor-element elementor-element-89cbdfb e-flex e-con-boxed e-con e-parent\" data-id=\"89cbdfb\" data-element_type=\"container\">\n\t\t\t\t\t<div class=\"e-con-inner\">\n\t\t\t\t<div class=\"elementor-element elementor-element-a7f6a3e elementor-widget elementor-widget-text-editor\" data-id=\"a7f6a3e\" data-element_type=\"widget\" data-widget_type=\"text-editor.default\">\n\t\t\t\t<div class=\"elementor-widget-container\">\n\t\t\t\t\t\t\t\t\t<p>Este centro de salud est\u00e1 construido en un terreno de 9,9 hect\u00e1reas, ubicadas en la comuna de La Reina. Tiene una superficie de m\u00e1s de 85.000 m2 construidos, con una infraestructura sustentable que favorece el uso de luz natural.<\/p><p>Contamos con un Helipuerto, para el transporte de pacientes.<\/p><ul><li><strong><span style=\"color: #3366ff;\"><a style=\"color: #3366ff;\" href=\"https:\/\/www.hms.cl\/wp-content\/uploads\/2025\/11\/INFORMACION-INSTITUCION.pdf\" target=\"_blank\" rel=\"noopener\"><span style=\"color: #000080;\"><span style=\"color: #127ac1;\">INFORMACI\u00d3N INSTITUCI\u00d3N<\/span><\/span><\/a><\/span><\/strong><\/li><\/ul>\t\t\t\t\t\t\t\t<\/div>\n\t\t\t\t<\/div>\n\t\t\t\t\t<\/div>\n\t\t\t\t<\/div>\n\t\t<div class=\"elementor-element elementor-element-76f6627 e-flex e-con-boxed e-con e-parent\" data-id=\"76f6627\" data-element_type=\"container\">\n\t\t\t\t\t<div class=\"e-con-inner\">\n\t\t<div class=\"elementor-element elementor-element-a9e94a2 e-con-full e-flex e-con e-child\" data-id=\"a9e94a2\" data-element_type=\"container\">\n\t\t\t\t<div class=\"elementor-element elementor-element-00097f5 elementor-widget elementor-widget-image\" data-id=\"00097f5\" data-element_type=\"widget\" data-widget_type=\"image.default\">\n\t\t\t\t<div class=\"elementor-widget-container\">\n\t\t\t\t\t\t\t\t\t\t\t\t\t\t\t<img fetchpriority=\"high\" decoding=\"async\" width=\"800\" height=\"733\" src=\"https:\/\/www.hms.cl\/wp-content\/uploads\/2025\/02\/plano-WEB-HMS-2023_v2-1024x938.jpg\" class=\"attachment-large size-large wp-image-709\" alt=\"\" srcset=\"https:\/\/www.hms.cl\/wp-content\/uploads\/2025\/02\/plano-WEB-HMS-2023_v2-1024x938.jpg 1024w, https:\/\/www.hms.cl\/wp-content\/uploads\/2025\/02\/plano-WEB-HMS-2023_v2-300x275.jpg 300w, https:\/\/www.hms.cl\/wp-content\/uploads\/2025\/02\/plano-WEB-HMS-2023_v2-768x703.jpg 768w, https:\/\/www.hms.cl\/wp-content\/uploads\/2025\/02\/plano-WEB-HMS-2023_v2.jpg 1106w\" sizes=\"(max-width: 800px) 100vw, 800px\" \/>\t\t\t\t\t\t\t\t\t\t\t\t\t\t\t<\/div>\n\t\t\t\t<\/div>\n\t\t\t\t<\/div>\n\t\t<div class=\"elementor-element elementor-element-ff45c64 e-con-full e-flex e-con e-child\" data-id=\"ff45c64\" data-element_type=\"container\">\n\t\t\t\t<div class=\"elementor-element elementor-element-1f746cc elementor-widget elementor-widget-video\" data-id=\"1f746cc\" data-element_type=\"widget\" data-settings=\"{&quot;video_type&quot;:&quot;hosted&quot;,&quot;autoplay&quot;:&quot;yes&quot;,&quot;loop&quot;:&quot;yes&quot;}\" data-widget_type=\"video.default\">\n\t\t\t\t<div class=\"elementor-widget-container\">\n\t\t\t\t\t\t\t<div class=\"e-hosted-video elementor-wrapper elementor-open-inline\">\n\t\t\t\t\t<video class=\"elementor-video\" src=\"https:\/\/www.hms.cl\/wp-content\/uploads\/2025\/06\/ORBITA_HMS.mp4\" autoplay=\"\" loop=\"\" controlsList=\"nodownload\"><\/video>\n\t\t\t\t<\/div>\n\t\t\t\t\t\t<\/div>\n\t\t\t\t<\/div>\n\t\t\t\t<\/div>\n\t\t\t\t\t<\/div>\n\t\t\t\t<\/div>\n\t\t<div class=\"elementor-element elementor-element-3473120 e-flex e-con-boxed e-con e-parent\" data-id=\"3473120\" data-element_type=\"container\">\n\t\t\t\t\t<div class=\"e-con-inner\">\n\t\t<div class=\"elementor-element elementor-element-2e684fe e-con-full e-flex e-con e-child\" data-id=\"2e684fe\" data-element_type=\"container\">\n\t\t\t\t<div class=\"elementor-element elementor-element-c7d50dc elementor-widget elementor-widget-text-editor\" data-id=\"c7d50dc\" data-element_type=\"widget\" data-widget_type=\"text-editor.default\">\n\t\t\t\t<div class=\"elementor-widget-container\">\n\t\t\t\t\t\t\t\t\t<h5 style=\"text-align: center;\">EDIFICIO A<\/h5><p>Aqu\u00ed funcionan los procedimientos ambulatorios, es decir, las consultas m\u00e9dicas, servicios cl\u00ednicos, como los laboratorios, diagn\u00f3stico por im\u00e1genes y toma de ex\u00e1menes. Adem\u00e1s, se encuentran los pabellones quir\u00fargicos, la unidad de paciente cr\u00edtico, entre otros.<\/p><p>Para resguardar la seguridad de los pacientes y de los equipos, se dot\u00f3 a esta estructura de aisladores s\u00edsmicos, gracias a los cuales, el hospital puede seguir operando, sin mayores inconvenientes, en caso de terremoto.<\/p><p>En n\u00famero:<\/p><ul><li>109 Boxes de consulta<\/li><li>49 Salas de procedimiento<\/li><li>10 Pabellones Quir\u00fargicos<\/li><li>Salas de procedimientos especiales<\/li><li>39 Camas UPC<\/li><\/ul>\t\t\t\t\t\t\t\t<\/div>\n\t\t\t\t<\/div>\n\t\t\t\t<\/div>\n\t\t<div class=\"elementor-element elementor-element-7c1e51e e-con-full e-flex e-con e-child\" data-id=\"7c1e51e\" data-element_type=\"container\">\n\t\t\t\t<div class=\"elementor-element elementor-element-f9e9f32 elementor-widget elementor-widget-text-editor\" data-id=\"f9e9f32\" data-element_type=\"widget\" data-widget_type=\"text-editor.default\">\n\t\t\t\t<div class=\"elementor-widget-container\">\n\t\t\t\t\t\t\t\t\t<h5 style=\"text-align: center;\">EDIFICIO B<\/h5><p>Este edificio concentra las unidades de hospitalizaci\u00f3n del HMS. Todas las piezas tienen amplios ventanales con vista a la cordillera, para aprovechar los beneficios comprobados que tiene la luz solar para la salud de las personas.<\/p><p>En n\u00fameros:<\/p><ul><li>266 camas hospitalizado m\u00e9dico quir\u00fargico y especialidades<\/li><li>23 camas UCI<\/li><li>23 camas UTI<\/li><\/ul>\t\t\t\t\t\t\t\t<\/div>\n\t\t\t\t<\/div>\n\t\t\t\t<\/div>\n\t\t<div class=\"elementor-element elementor-element-d0dbd99 e-con-full e-flex e-con e-child\" data-id=\"d0dbd99\" data-element_type=\"container\">\n\t\t\t\t<div class=\"elementor-element elementor-element-9f1828d elementor-widget elementor-widget-text-editor\" data-id=\"9f1828d\" data-element_type=\"widget\" data-widget_type=\"text-editor.default\">\n\t\t\t\t<div class=\"elementor-widget-container\">\n\t\t\t\t\t\t\t\t\t<h5 style=\"text-align: center;\">EDIFICIO C<\/h5><p>Como apoyo a la intensa labor docente y de investigaci\u00f3n que se lleva cabo en las dependencias del HMS, se cuenta con:<\/p><p>\u00a0Oficinas<\/p><ul><li>4 Salas de Clases<\/li><li>1 auditorio con capacidad de 179 personas<\/li><li>Biblioteca<\/li><\/ul>\t\t\t\t\t\t\t\t<\/div>\n\t\t\t\t<\/div>\n\t\t\t\t<\/div>\n\t\t\t\t\t<\/div>\n\t\t\t\t<\/div>\n\t\t\t\t<\/div>\n\t\t","protected":false},"excerpt":{"rendered":"<p>Este centro de salud est\u00e1 construido en un terreno de 9,9 hect\u00e1reas, ubicadas en la comuna de La Reina. Tiene una superficie de m\u00e1s de 85.000 m2 construidos, con una infraestructura sustentable que favorece el uso de luz natural. Contamos con un Helipuerto, para el transporte de pacientes. INFORMACI\u00d3N INSTITUCI\u00d3N https:\/\/www.hms.cl\/wp-content\/uploads\/2025\/06\/ORBITA_HMS.mp4 EDIFICIO A Aqu\u00ed funcionan [&hellip;]<\/p>\n","protected":false},"author":1,"featured_media":0,"parent":0,"menu_order":0,"comment_status":"closed","ping_status":"closed","template":"","meta":{"footnotes":""},"class_list":["post-700","page","type-page","status-publish","hentry"],"yoast_head":"<!-- This site is optimized with the Yoast SEO plugin v25.6 - https:\/\/yoast.com\/wordpress\/plugins\/seo\/ -->\n<title>INFRAESTRUCTURA Y SERVICIOS - Hospital Militar de Santiago<\/title>\n<meta name=\"robots\" content=\"index, follow, max-snippet:-1, max-image-preview:large, max-video-preview:-1\" \/>\n<link rel=\"canonical\" href=\"https:\/\/www.hms.cl\/index.php\/infraestructura-y-servicios\/\" \/>\n<meta property=\"og:locale\" content=\"es_ES\" \/>\n<meta property=\"og:type\" content=\"article\" \/>\n<meta property=\"og:title\" content=\"INFRAESTRUCTURA Y SERVICIOS - Hospital Militar de Santiago\" \/>\n<meta property=\"og:description\" content=\"Este centro de salud est\u00e1 construido en un terreno de 9,9 hect\u00e1reas, ubicadas en la comuna de La Reina. Tiene una superficie de m\u00e1s de 85.000 m2 construidos, con una infraestructura sustentable que favorece el uso de luz natural. Contamos con un Helipuerto, para el transporte de pacientes. INFORMACI\u00d3N INSTITUCI\u00d3N https:\/\/www.hms.cl\/wp-content\/uploads\/2025\/06\/ORBITA_HMS.mp4 EDIFICIO A Aqu\u00ed funcionan [&hellip;]\" \/>\n<meta property=\"og:url\" content=\"https:\/\/www.hms.cl\/index.php\/infraestructura-y-servicios\/\" \/>\n<meta property=\"og:site_name\" content=\"Hospital Militar de Santiago\" \/>\n<meta property=\"article:publisher\" content=\"https:\/\/www.facebook.com\/hospitalmilitardesantiago\" \/>\n<meta property=\"article:modified_time\" content=\"2025-11-26T18:57:14+00:00\" \/>\n<meta property=\"og:image\" content=\"https:\/\/www.hms.cl\/wp-content\/uploads\/2025\/02\/plano-WEB-HMS-2023_v2.jpg\" \/>\n\t<meta property=\"og:image:width\" content=\"1106\" \/>\n\t<meta property=\"og:image:height\" content=\"1013\" \/>\n\t<meta property=\"og:image:type\" content=\"image\/jpeg\" \/>\n<meta name=\"twitter:card\" content=\"summary_large_image\" \/>\n<meta name=\"twitter:site\" content=\"@HosMilSantiago\" \/>\n<meta name=\"twitter:label1\" content=\"Tiempo estimado de lectura\" \/>\n\t<meta name=\"twitter:data1\" content=\"2 minutos\" \/>\n<script type=\"application\/ld+json\" class=\"yoast-schema-graph\">{\"@context\":\"https:\/\/schema.org\",\"@graph\":[{\"@type\":\"WebPage\",\"@id\":\"https:\/\/www.hms.cl\/index.php\/infraestructura-y-servicios\/\",\"url\":\"https:\/\/www.hms.cl\/index.php\/infraestructura-y-servicios\/\",\"name\":\"INFRAESTRUCTURA Y SERVICIOS - Hospital Militar de Santiago\",\"isPartOf\":{\"@id\":\"https:\/\/www.hms.cl\/#website\"},\"primaryImageOfPage\":{\"@id\":\"https:\/\/www.hms.cl\/index.php\/infraestructura-y-servicios\/#primaryimage\"},\"image\":{\"@id\":\"https:\/\/www.hms.cl\/index.php\/infraestructura-y-servicios\/#primaryimage\"},\"thumbnailUrl\":\"https:\/\/www.hms.cl\/wp-content\/uploads\/2025\/02\/plano-WEB-HMS-2023_v2-1024x938.jpg\",\"datePublished\":\"2025-02-27T19:24:15+00:00\",\"dateModified\":\"2025-11-26T18:57:14+00:00\",\"breadcrumb\":{\"@id\":\"https:\/\/www.hms.cl\/index.php\/infraestructura-y-servicios\/#breadcrumb\"},\"inLanguage\":\"es-CL\",\"potentialAction\":[{\"@type\":\"ReadAction\",\"target\":[\"https:\/\/www.hms.cl\/index.php\/infraestructura-y-servicios\/\"]}]},{\"@type\":\"ImageObject\",\"inLanguage\":\"es-CL\",\"@id\":\"https:\/\/www.hms.cl\/index.php\/infraestructura-y-servicios\/#primaryimage\",\"url\":\"https:\/\/www.hms.cl\/wp-content\/uploads\/2025\/02\/plano-WEB-HMS-2023_v2.jpg\",\"contentUrl\":\"https:\/\/www.hms.cl\/wp-content\/uploads\/2025\/02\/plano-WEB-HMS-2023_v2.jpg\",\"width\":1106,\"height\":1013},{\"@type\":\"BreadcrumbList\",\"@id\":\"https:\/\/www.hms.cl\/index.php\/infraestructura-y-servicios\/#breadcrumb\",\"itemListElement\":[{\"@type\":\"ListItem\",\"position\":1,\"name\":\"Home\",\"item\":\"https:\/\/www.hms.cl\/\"},{\"@type\":\"ListItem\",\"position\":2,\"name\":\"INFRAESTRUCTURA Y SERVICIOS\"}]},{\"@type\":\"WebSite\",\"@id\":\"https:\/\/www.hms.cl\/#website\",\"url\":\"https:\/\/www.hms.cl\/\",\"name\":\"Hospital Militar de Santiago\",\"description\":\"\",\"publisher\":{\"@id\":\"https:\/\/www.hms.cl\/#organization\"},\"potentialAction\":[{\"@type\":\"SearchAction\",\"target\":{\"@type\":\"EntryPoint\",\"urlTemplate\":\"https:\/\/www.hms.cl\/?s={search_term_string}\"},\"query-input\":{\"@type\":\"PropertyValueSpecification\",\"valueRequired\":true,\"valueName\":\"search_term_string\"}}],\"inLanguage\":\"es-CL\"},{\"@type\":\"Organization\",\"@id\":\"https:\/\/www.hms.cl\/#organization\",\"name\":\"Hospital Militar de Santiago\",\"url\":\"https:\/\/www.hms.cl\/\",\"logo\":{\"@type\":\"ImageObject\",\"inLanguage\":\"es-CL\",\"@id\":\"https:\/\/www.hms.cl\/#\/schema\/logo\/image\/\",\"url\":\"https:\/\/www.hms.cl\/wp-content\/uploads\/2025\/07\/Logo-Vertical-Mediano.png\",\"contentUrl\":\"https:\/\/www.hms.cl\/wp-content\/uploads\/2025\/07\/Logo-Vertical-Mediano.png\",\"width\":1280,\"height\":720,\"caption\":\"Hospital Militar de Santiago\"},\"image\":{\"@id\":\"https:\/\/www.hms.cl\/#\/schema\/logo\/image\/\"},\"sameAs\":[\"https:\/\/www.facebook.com\/hospitalmilitardesantiago\",\"https:\/\/x.com\/HosMilSantiago\",\"https:\/\/www.instagram.com\/hospitalmilitardesantiago\/\",\"https:\/\/www.linkedin.com\/company\/hospital-militar-de-santiago-hosmil\",\"https:\/\/www.youtube.com\/c\/HMSVIDEO\"]}]}<\/script>\n<!-- \/ Yoast SEO plugin. -->","yoast_head_json":{"title":"INFRAESTRUCTURA Y SERVICIOS - Hospital Militar de Santiago","robots":{"index":"index","follow":"follow","max-snippet":"max-snippet:-1","max-image-preview":"max-image-preview:large","max-video-preview":"max-video-preview:-1"},"canonical":"https:\/\/www.hms.cl\/index.php\/infraestructura-y-servicios\/","og_locale":"es_ES","og_type":"article","og_title":"INFRAESTRUCTURA Y SERVICIOS - Hospital Militar de Santiago","og_description":"Este centro de salud est\u00e1 construido en un terreno de 9,9 hect\u00e1reas, ubicadas en la comuna de La Reina. Tiene una superficie de m\u00e1s de 85.000 m2 construidos, con una infraestructura sustentable que favorece el uso de luz natural. Contamos con un Helipuerto, para el transporte de pacientes. INFORMACI\u00d3N INSTITUCI\u00d3N https:\/\/www.hms.cl\/wp-content\/uploads\/2025\/06\/ORBITA_HMS.mp4 EDIFICIO A Aqu\u00ed funcionan [&hellip;]","og_url":"https:\/\/www.hms.cl\/index.php\/infraestructura-y-servicios\/","og_site_name":"Hospital Militar de Santiago","article_publisher":"https:\/\/www.facebook.com\/hospitalmilitardesantiago","article_modified_time":"2025-11-26T18:57:14+00:00","og_image":[{"width":1106,"height":1013,"url":"https:\/\/www.hms.cl\/wp-content\/uploads\/2025\/02\/plano-WEB-HMS-2023_v2.jpg","type":"image\/jpeg"}],"twitter_card":"summary_large_image","twitter_site":"@HosMilSantiago","twitter_misc":{"Tiempo estimado de lectura":"2 minutos"},"schema":{"@context":"https:\/\/schema.org","@graph":[{"@type":"WebPage","@id":"https:\/\/www.hms.cl\/index.php\/infraestructura-y-servicios\/","url":"https:\/\/www.hms.cl\/index.php\/infraestructura-y-servicios\/","name":"INFRAESTRUCTURA Y SERVICIOS - Hospital Militar de Santiago","isPartOf":{"@id":"https:\/\/www.hms.cl\/#website"},"primaryImageOfPage":{"@id":"https:\/\/www.hms.cl\/index.php\/infraestructura-y-servicios\/#primaryimage"},"image":{"@id":"https:\/\/www.hms.cl\/index.php\/infraestructura-y-servicios\/#primaryimage"},"thumbnailUrl":"https:\/\/www.hms.cl\/wp-content\/uploads\/2025\/02\/plano-WEB-HMS-2023_v2-1024x938.jpg","datePublished":"2025-02-27T19:24:15+00:00","dateModified":"2025-11-26T18:57:14+00:00","breadcrumb":{"@id":"https:\/\/www.hms.cl\/index.php\/infraestructura-y-servicios\/#breadcrumb"},"inLanguage":"es-CL","potentialAction":[{"@type":"ReadAction","target":["https:\/\/www.hms.cl\/index.php\/infraestructura-y-servicios\/"]}]},{"@type":"ImageObject","inLanguage":"es-CL","@id":"https:\/\/www.hms.cl\/index.php\/infraestructura-y-servicios\/#primaryimage","url":"https:\/\/www.hms.cl\/wp-content\/uploads\/2025\/02\/plano-WEB-HMS-2023_v2.jpg","contentUrl":"https:\/\/www.hms.cl\/wp-content\/uploads\/2025\/02\/plano-WEB-HMS-2023_v2.jpg","width":1106,"height":1013},{"@type":"BreadcrumbList","@id":"https:\/\/www.hms.cl\/index.php\/infraestructura-y-servicios\/#breadcrumb","itemListElement":[{"@type":"ListItem","position":1,"name":"Home","item":"https:\/\/www.hms.cl\/"},{"@type":"ListItem","position":2,"name":"INFRAESTRUCTURA Y SERVICIOS"}]},{"@type":"WebSite","@id":"https:\/\/www.hms.cl\/#website","url":"https:\/\/www.hms.cl\/","name":"Hospital Militar de Santiago","description":"","publisher":{"@id":"https:\/\/www.hms.cl\/#organization"},"potentialAction":[{"@type":"SearchAction","target":{"@type":"EntryPoint","urlTemplate":"https:\/\/www.hms.cl\/?s={search_term_string}"},"query-input":{"@type":"PropertyValueSpecification","valueRequired":true,"valueName":"search_term_string"}}],"inLanguage":"es-CL"},{"@type":"Organization","@id":"https:\/\/www.hms.cl\/#organization","name":"Hospital Militar de Santiago","url":"https:\/\/www.hms.cl\/","logo":{"@type":"ImageObject","inLanguage":"es-CL","@id":"https:\/\/www.hms.cl\/#\/schema\/logo\/image\/","url":"https:\/\/www.hms.cl\/wp-content\/uploads\/2025\/07\/Logo-Vertical-Mediano.png","contentUrl":"https:\/\/www.hms.cl\/wp-content\/uploads\/2025\/07\/Logo-Vertical-Mediano.png","width":1280,"height":720,"caption":"Hospital Militar de Santiago"},"image":{"@id":"https:\/\/www.hms.cl\/#\/schema\/logo\/image\/"},"sameAs":["https:\/\/www.facebook.com\/hospitalmilitardesantiago","https:\/\/x.com\/HosMilSantiago","https:\/\/www.instagram.com\/hospitalmilitardesantiago\/","https:\/\/www.linkedin.com\/company\/hospital-militar-de-santiago-hosmil","https:\/\/www.youtube.com\/c\/HMSVIDEO"]}]}},"_links":{"self":[{"href":"https:\/\/www.hms.cl\/index.php\/wp-json\/wp\/v2\/pages\/700","targetHints":{"allow":["GET"]}}],"collection":[{"href":"https:\/\/www.hms.cl\/index.php\/wp-json\/wp\/v2\/pages"}],"about":[{"href":"https:\/\/www.hms.cl\/index.php\/wp-json\/wp\/v2\/types\/page"}],"author":[{"embeddable":true,"href":"https:\/\/www.hms.cl\/index.php\/wp-json\/wp\/v2\/users\/1"}],"replies":[{"embeddable":true,"href":"https:\/\/www.hms.cl\/index.php\/wp-json\/wp\/v2\/comments?post=700"}],"version-history":[{"count":22,"href":"https:\/\/www.hms.cl\/index.php\/wp-json\/wp\/v2\/pages\/700\/revisions"}],"predecessor-version":[{"id":6732,"href":"https:\/\/www.hms.cl\/index.php\/wp-json\/wp\/v2\/pages\/700\/revisions\/6732"}],"wp:attachment":[{"href":"https:\/\/www.hms.cl\/index.php\/wp-json\/wp\/v2\/media?parent=700"}],"curies":[{"name":"wp","href":"https:\/\/api.w.org\/{rel}","templated":true}]}}