{"id":4126,"date":"2025-07-04T11:05:30","date_gmt":"2025-07-04T14:05:30","guid":{"rendered":"http:\/\/10.10.50.51\/?page_id=4126"},"modified":"2025-07-04T11:09:09","modified_gmt":"2025-07-04T14:09:09","slug":"diagnostico-por-imagenes","status":"publish","type":"page","link":"https:\/\/www.hms.cl\/index.php\/diagnostico-por-imagenes\/","title":{"rendered":"DIAGN\u00d3STICO POR IM\u00c1GENES"},"content":{"rendered":"\t\t<div data-elementor-type=\"wp-page\" data-elementor-id=\"4126\" class=\"elementor elementor-4126\" data-elementor-post-type=\"page\">\n\t\t\t\t<div class=\"elementor-element elementor-element-00af6b7 e-flex e-con-boxed e-con e-parent\" data-id=\"00af6b7\" data-element_type=\"container\">\n\t\t\t\t\t<div class=\"e-con-inner\">\n\t\t\t\t<div class=\"elementor-element elementor-element-0ca4021 elementor-tabs-view-vertical elementor-widget elementor-widget-tabs\" data-id=\"0ca4021\" data-element_type=\"widget\" data-widget_type=\"tabs.default\">\n\t\t\t\t<div class=\"elementor-widget-container\">\n\t\t\t\t\t\t\t<div class=\"elementor-tabs\">\n\t\t\t<div class=\"elementor-tabs-wrapper\" role=\"tablist\" >\n\t\t\t\t\t\t\t\t\t<div id=\"elementor-tab-title-1321\" class=\"elementor-tab-title elementor-tab-desktop-title\" aria-selected=\"true\" data-tab=\"1\" role=\"tab\" tabindex=\"0\" aria-controls=\"elementor-tab-content-1321\" aria-expanded=\"false\">DIAGN\u00d3STICO POR IM\u00c1GENES<\/div>\n\t\t\t\t\t\t\t\t\t<div id=\"elementor-tab-title-1322\" class=\"elementor-tab-title elementor-tab-desktop-title\" aria-selected=\"false\" data-tab=\"2\" role=\"tab\" tabindex=\"-1\" aria-controls=\"elementor-tab-content-1322\" aria-expanded=\"false\">RESERVA DE HORAS<\/div>\n\t\t\t\t\t\t\t\t\t<div id=\"elementor-tab-title-1323\" class=\"elementor-tab-title elementor-tab-desktop-title\" aria-selected=\"false\" data-tab=\"3\" role=\"tab\" tabindex=\"-1\" aria-controls=\"elementor-tab-content-1323\" aria-expanded=\"false\">RESULTADO DE EX\u00c1MENES<\/div>\n\t\t\t\t\t\t\t<\/div>\n\t\t\t<div class=\"elementor-tabs-content-wrapper\" role=\"tablist\" aria-orientation=\"vertical\">\n\t\t\t\t\t\t\t\t\t<div class=\"elementor-tab-title elementor-tab-mobile-title\" aria-selected=\"true\" data-tab=\"1\" role=\"tab\" tabindex=\"0\" aria-controls=\"elementor-tab-content-1321\" aria-expanded=\"false\">DIAGN\u00d3STICO POR IM\u00c1GENES<\/div>\n\t\t\t\t\t<div id=\"elementor-tab-content-1321\" class=\"elementor-tab-content elementor-clearfix\" data-tab=\"1\" role=\"tabpanel\" aria-labelledby=\"elementor-tab-title-1321\" tabindex=\"0\" hidden=\"false\"><p>Nuestro servicio cuenta con un completo staff de profesionales compuesto por m\u00e9dicos radi\u00f3logos, tecn\u00f3logos m\u00e9dicos, auxiliares de enfermer\u00eda y administrativos, quienes est\u00e1n capacitados para otorgar a cada paciente una atenci\u00f3n de excelencia en el \u00e1rea de la imagenolog\u00eda moderna.<\/p><p>El Departamento atiende las 24 horas del d\u00eda y los 365 d\u00edas del a\u00f1o, tiene como objetivo realizar diagn\u00f3sticos m\u00e9dicos, mediante estudios de imagen, que incluyen la radiolog\u00eda simple y contrastada, ultrasonido, mamograf\u00eda , tomograf\u00eda computada multicorte (TAC), resonancia magn\u00e9tica y angiograf\u00eda. Todas estas modalidades son realizadas con equipos de \u00faltima generaci\u00f3n.\u00a0<\/p><p>Tambi\u00e9n se efect\u00faan, a trav\u00e9s de estos ex\u00e1menes, procedimientos de diagn\u00f3sticos m\u00ednimamente invasivos (biopsias percut\u00e1neas) y terap\u00e9uticos no vasculares (tratamiento de tumores, procesos infecciosos, etc) y vasculares; tanto en vasos perif\u00e9ricos como en sistema nervioso central ( embolizaciones, pr\u00f3tesis vasculares, etc).<\/p><p>Adem\u00e1s, es uno de los pocos departamentos de Diagn\u00f3stico por Im\u00e1genes en el pa\u00eds que cuenta con tecnolog\u00eda digital directa en todas sus modalidades y un sistema de archivo digital que almacena los ex\u00e1menes de cada paciente en una base de datos computacional.<\/p><p>Nuestro servicio tambi\u00e9n cumple labores docentes en la preparaci\u00f3n de futuros m\u00e9dicos radi\u00f3logos y tecn\u00f3logos m\u00e9dicos.<\/p><p>El horario de atenci\u00f3n de los pacientes ambulatorios es de lunes a viernes de 8:00 a 20:00 horas. Atenci\u00f3n de Urgencia de 20:00 a 8:00 hrs.<\/p><p><b>IMPORTANTE<\/b>: s\u00e1bado, domingo y festivos, solamente para algunas agendas (Tomograf\u00eda Axial Computarizada y Resonancia Magn\u00e9tica Nuclear), lo dem\u00e1s funciona a trav\u00e9s del Servicio de Urgencia, que cuenta con equipos, tecn\u00f3logos m\u00e9dicos y radi\u00f3logos de turno.<\/p><p>Tel\u00e9fono: (+56) 22331 6282<\/p><\/div>\n\t\t\t\t\t\t\t\t\t<div class=\"elementor-tab-title elementor-tab-mobile-title\" aria-selected=\"false\" data-tab=\"2\" role=\"tab\" tabindex=\"-1\" aria-controls=\"elementor-tab-content-1322\" aria-expanded=\"false\">RESERVA DE HORAS<\/div>\n\t\t\t\t\t<div id=\"elementor-tab-content-1322\" class=\"elementor-tab-content elementor-clearfix\" data-tab=\"2\" role=\"tabpanel\" aria-labelledby=\"elementor-tab-title-1322\" tabindex=\"0\" hidden=\"hidden\"><p><b>Reservar hora para Diagn\u00f3stico por Im\u00e1genes:<\/b><\/p><p>En Contact Center, a trav\u00e9s de correo electr\u00f3nico\u00a0<span style=\"color: #3366ff;\"><u><a style=\"color: #3366ff;\" role=\"link\" href=\"mailto:reservahoras@hms.cl\">reservahoras@hms.cl<\/a><\/u><\/span>, el paciente debe incluir todos sus datos personales, adjuntar orden m\u00e9dica la que debe contemplar vigencia de m\u00e1ximo 6 meses, diagn\u00f3stico y nombre completo del profesional. El Tiempo de respuesta es de aproximadamente de 2 d\u00edas h\u00e1biles.<\/p><p>En caso de ecograf\u00eda mamaria y mamograf\u00eda se puede agendar a trav\u00e9s del Contact Center por tel\u00e9fono.<\/p><p>Tambi\u00e9n, se puede realizar de forma presencial en los M\u00f3dulos de Admisi\u00f3n de los respectivos servicios cl\u00ednicos.<\/p><\/div>\n\t\t\t\t\t\t\t\t\t<div class=\"elementor-tab-title elementor-tab-mobile-title\" aria-selected=\"false\" data-tab=\"3\" role=\"tab\" tabindex=\"-1\" aria-controls=\"elementor-tab-content-1323\" aria-expanded=\"false\">RESULTADO DE EX\u00c1MENES<\/div>\n\t\t\t\t\t<div id=\"elementor-tab-content-1323\" class=\"elementor-tab-content elementor-clearfix\" data-tab=\"3\" role=\"tabpanel\" aria-labelledby=\"elementor-tab-title-1323\" tabindex=\"0\" hidden=\"hidden\"><p><b>Resultados de Ex\u00e1menes de Diagn\u00f3stico por Im\u00e1genes<\/b><\/p><p>El retiro de los ex\u00e1menes se puede realizar de forma presencial en el Servicio de Diagn\u00f3stico por Im\u00e1genes o\u00a0 a trav\u00e9s del\u00a0<b>Portal Paciente,<\/b>\u00a0previo enrolamiento<\/p><\/div>\n\t\t\t\t\t\t\t<\/div>\n\t\t<\/div>\n\t\t\t\t\t\t<\/div>\n\t\t\t\t<\/div>\n\t\t\t\t\t<\/div>\n\t\t\t\t<\/div>\n\t\t\t\t<\/div>\n\t\t","protected":false},"excerpt":{"rendered":"<p>Nuestro servicio cuenta con un completo staff de profesionales compuesto por m\u00e9dicos radi\u00f3logos, tecn\u00f3logos m\u00e9dicos<\/p>\n","protected":false},"author":1,"featured_media":0,"parent":0,"menu_order":0,"comment_status":"closed","ping_status":"closed","template":"","meta":{"footnotes":""},"class_list":["post-4126","page","type-page","status-publish","hentry"],"yoast_head":"<!-- This site is optimized with the Yoast SEO plugin v25.6 - https:\/\/yoast.com\/wordpress\/plugins\/seo\/ -->\n<title>DIAGN\u00d3STICO POR IM\u00c1GENES - Hospital Militar de Santiago<\/title>\n<meta name=\"robots\" content=\"index, follow, max-snippet:-1, max-image-preview:large, max-video-preview:-1\" \/>\n<link rel=\"canonical\" href=\"https:\/\/www.hms.cl\/index.php\/diagnostico-por-imagenes\/\" \/>\n<meta property=\"og:locale\" content=\"es_ES\" \/>\n<meta property=\"og:type\" content=\"article\" \/>\n<meta property=\"og:title\" content=\"DIAGN\u00d3STICO POR IM\u00c1GENES - Hospital Militar de Santiago\" \/>\n<meta property=\"og:description\" content=\"Nuestro servicio cuenta con un completo staff de profesionales compuesto por m\u00e9dicos radi\u00f3logos, tecn\u00f3logos m\u00e9dicos\" \/>\n<meta property=\"og:url\" content=\"https:\/\/www.hms.cl\/index.php\/diagnostico-por-imagenes\/\" \/>\n<meta property=\"og:site_name\" content=\"Hospital Militar de Santiago\" \/>\n<meta property=\"article:publisher\" content=\"https:\/\/www.facebook.com\/hospitalmilitardesantiago\" \/>\n<meta property=\"article:modified_time\" content=\"2025-07-04T14:09:09+00:00\" \/>\n<meta name=\"twitter:card\" content=\"summary_large_image\" \/>\n<meta name=\"twitter:site\" content=\"@HosMilSantiago\" \/>\n<meta name=\"twitter:label1\" content=\"Tiempo estimado de lectura\" \/>\n\t<meta name=\"twitter:data1\" content=\"2 minutos\" \/>\n<script type=\"application\/ld+json\" class=\"yoast-schema-graph\">{\"@context\":\"https:\/\/schema.org\",\"@graph\":[{\"@type\":\"WebPage\",\"@id\":\"https:\/\/www.hms.cl\/index.php\/diagnostico-por-imagenes\/\",\"url\":\"https:\/\/www.hms.cl\/index.php\/diagnostico-por-imagenes\/\",\"name\":\"DIAGN\u00d3STICO POR IM\u00c1GENES - Hospital Militar de Santiago\",\"isPartOf\":{\"@id\":\"https:\/\/www.hms.cl\/#website\"},\"datePublished\":\"2025-07-04T14:05:30+00:00\",\"dateModified\":\"2025-07-04T14:09:09+00:00\",\"breadcrumb\":{\"@id\":\"https:\/\/www.hms.cl\/index.php\/diagnostico-por-imagenes\/#breadcrumb\"},\"inLanguage\":\"es-CL\",\"potentialAction\":[{\"@type\":\"ReadAction\",\"target\":[\"https:\/\/www.hms.cl\/index.php\/diagnostico-por-imagenes\/\"]}]},{\"@type\":\"BreadcrumbList\",\"@id\":\"https:\/\/www.hms.cl\/index.php\/diagnostico-por-imagenes\/#breadcrumb\",\"itemListElement\":[{\"@type\":\"ListItem\",\"position\":1,\"name\":\"Home\",\"item\":\"https:\/\/www.hms.cl\/\"},{\"@type\":\"ListItem\",\"position\":2,\"name\":\"DIAGN\u00d3STICO POR IM\u00c1GENES\"}]},{\"@type\":\"WebSite\",\"@id\":\"https:\/\/www.hms.cl\/#website\",\"url\":\"https:\/\/www.hms.cl\/\",\"name\":\"Hospital Militar de Santiago\",\"description\":\"\",\"publisher\":{\"@id\":\"https:\/\/www.hms.cl\/#organization\"},\"potentialAction\":[{\"@type\":\"SearchAction\",\"target\":{\"@type\":\"EntryPoint\",\"urlTemplate\":\"https:\/\/www.hms.cl\/?s={search_term_string}\"},\"query-input\":{\"@type\":\"PropertyValueSpecification\",\"valueRequired\":true,\"valueName\":\"search_term_string\"}}],\"inLanguage\":\"es-CL\"},{\"@type\":\"Organization\",\"@id\":\"https:\/\/www.hms.cl\/#organization\",\"name\":\"Hospital Militar de Santiago\",\"url\":\"https:\/\/www.hms.cl\/\",\"logo\":{\"@type\":\"ImageObject\",\"inLanguage\":\"es-CL\",\"@id\":\"https:\/\/www.hms.cl\/#\/schema\/logo\/image\/\",\"url\":\"https:\/\/www.hms.cl\/wp-content\/uploads\/2025\/07\/Logo-Vertical-Mediano.png\",\"contentUrl\":\"https:\/\/www.hms.cl\/wp-content\/uploads\/2025\/07\/Logo-Vertical-Mediano.png\",\"width\":1280,\"height\":720,\"caption\":\"Hospital Militar de Santiago\"},\"image\":{\"@id\":\"https:\/\/www.hms.cl\/#\/schema\/logo\/image\/\"},\"sameAs\":[\"https:\/\/www.facebook.com\/hospitalmilitardesantiago\",\"https:\/\/x.com\/HosMilSantiago\",\"https:\/\/www.instagram.com\/hospitalmilitardesantiago\/\",\"https:\/\/www.linkedin.com\/company\/hospital-militar-de-santiago-hosmil\",\"https:\/\/www.youtube.com\/c\/HMSVIDEO\"]}]}<\/script>\n<!-- \/ Yoast SEO plugin. -->","yoast_head_json":{"title":"DIAGN\u00d3STICO POR IM\u00c1GENES - Hospital Militar de Santiago","robots":{"index":"index","follow":"follow","max-snippet":"max-snippet:-1","max-image-preview":"max-image-preview:large","max-video-preview":"max-video-preview:-1"},"canonical":"https:\/\/www.hms.cl\/index.php\/diagnostico-por-imagenes\/","og_locale":"es_ES","og_type":"article","og_title":"DIAGN\u00d3STICO POR IM\u00c1GENES - Hospital Militar de Santiago","og_description":"Nuestro servicio cuenta con un completo staff de profesionales compuesto por m\u00e9dicos radi\u00f3logos, tecn\u00f3logos m\u00e9dicos","og_url":"https:\/\/www.hms.cl\/index.php\/diagnostico-por-imagenes\/","og_site_name":"Hospital Militar de Santiago","article_publisher":"https:\/\/www.facebook.com\/hospitalmilitardesantiago","article_modified_time":"2025-07-04T14:09:09+00:00","twitter_card":"summary_large_image","twitter_site":"@HosMilSantiago","twitter_misc":{"Tiempo estimado de lectura":"2 minutos"},"schema":{"@context":"https:\/\/schema.org","@graph":[{"@type":"WebPage","@id":"https:\/\/www.hms.cl\/index.php\/diagnostico-por-imagenes\/","url":"https:\/\/www.hms.cl\/index.php\/diagnostico-por-imagenes\/","name":"DIAGN\u00d3STICO POR IM\u00c1GENES - Hospital Militar de Santiago","isPartOf":{"@id":"https:\/\/www.hms.cl\/#website"},"datePublished":"2025-07-04T14:05:30+00:00","dateModified":"2025-07-04T14:09:09+00:00","breadcrumb":{"@id":"https:\/\/www.hms.cl\/index.php\/diagnostico-por-imagenes\/#breadcrumb"},"inLanguage":"es-CL","potentialAction":[{"@type":"ReadAction","target":["https:\/\/www.hms.cl\/index.php\/diagnostico-por-imagenes\/"]}]},{"@type":"BreadcrumbList","@id":"https:\/\/www.hms.cl\/index.php\/diagnostico-por-imagenes\/#breadcrumb","itemListElement":[{"@type":"ListItem","position":1,"name":"Home","item":"https:\/\/www.hms.cl\/"},{"@type":"ListItem","position":2,"name":"DIAGN\u00d3STICO POR IM\u00c1GENES"}]},{"@type":"WebSite","@id":"https:\/\/www.hms.cl\/#website","url":"https:\/\/www.hms.cl\/","name":"Hospital Militar de Santiago","description":"","publisher":{"@id":"https:\/\/www.hms.cl\/#organization"},"potentialAction":[{"@type":"SearchAction","target":{"@type":"EntryPoint","urlTemplate":"https:\/\/www.hms.cl\/?s={search_term_string}"},"query-input":{"@type":"PropertyValueSpecification","valueRequired":true,"valueName":"search_term_string"}}],"inLanguage":"es-CL"},{"@type":"Organization","@id":"https:\/\/www.hms.cl\/#organization","name":"Hospital Militar de Santiago","url":"https:\/\/www.hms.cl\/","logo":{"@type":"ImageObject","inLanguage":"es-CL","@id":"https:\/\/www.hms.cl\/#\/schema\/logo\/image\/","url":"https:\/\/www.hms.cl\/wp-content\/uploads\/2025\/07\/Logo-Vertical-Mediano.png","contentUrl":"https:\/\/www.hms.cl\/wp-content\/uploads\/2025\/07\/Logo-Vertical-Mediano.png","width":1280,"height":720,"caption":"Hospital Militar de Santiago"},"image":{"@id":"https:\/\/www.hms.cl\/#\/schema\/logo\/image\/"},"sameAs":["https:\/\/www.facebook.com\/hospitalmilitardesantiago","https:\/\/x.com\/HosMilSantiago","https:\/\/www.instagram.com\/hospitalmilitardesantiago\/","https:\/\/www.linkedin.com\/company\/hospital-militar-de-santiago-hosmil","https:\/\/www.youtube.com\/c\/HMSVIDEO"]}]}},"_links":{"self":[{"href":"https:\/\/www.hms.cl\/index.php\/wp-json\/wp\/v2\/pages\/4126","targetHints":{"allow":["GET"]}}],"collection":[{"href":"https:\/\/www.hms.cl\/index.php\/wp-json\/wp\/v2\/pages"}],"about":[{"href":"https:\/\/www.hms.cl\/index.php\/wp-json\/wp\/v2\/types\/page"}],"author":[{"embeddable":true,"href":"https:\/\/www.hms.cl\/index.php\/wp-json\/wp\/v2\/users\/1"}],"replies":[{"embeddable":true,"href":"https:\/\/www.hms.cl\/index.php\/wp-json\/wp\/v2\/comments?post=4126"}],"version-history":[{"count":6,"href":"https:\/\/www.hms.cl\/index.php\/wp-json\/wp\/v2\/pages\/4126\/revisions"}],"predecessor-version":[{"id":4135,"href":"https:\/\/www.hms.cl\/index.php\/wp-json\/wp\/v2\/pages\/4126\/revisions\/4135"}],"wp:attachment":[{"href":"https:\/\/www.hms.cl\/index.php\/wp-json\/wp\/v2\/media?parent=4126"}],"curies":[{"name":"wp","href":"https:\/\/api.w.org\/{rel}","templated":true}]}}