{"id":3984,"date":"2025-07-03T16:51:58","date_gmt":"2025-07-03T19:51:58","guid":{"rendered":"http:\/\/10.10.50.51\/?page_id=3984"},"modified":"2025-11-03T14:28:52","modified_gmt":"2025-11-03T18:28:52","slug":"oncologia","status":"publish","type":"page","link":"https:\/\/www.hms.cl\/index.php\/oncologia\/","title":{"rendered":"ONCOLOG\u00cdA"},"content":{"rendered":"\t\t<div data-elementor-type=\"wp-page\" data-elementor-id=\"3984\" class=\"elementor elementor-3984\" data-elementor-post-type=\"page\">\n\t\t\t\t<div class=\"elementor-element elementor-element-1cb1aea e-flex e-con-boxed e-con e-parent\" data-id=\"1cb1aea\" data-element_type=\"container\">\n\t\t\t\t\t<div class=\"e-con-inner\">\n\t\t\t\t\t<\/div>\n\t\t\t\t<\/div>\n\t\t<div class=\"elementor-element elementor-element-7e6e913 e-flex e-con-boxed e-con e-parent\" data-id=\"7e6e913\" data-element_type=\"container\">\n\t\t\t\t\t<div class=\"e-con-inner\">\n\t\t\t\t<div class=\"elementor-element elementor-element-707b303 elementor-tabs-view-vertical elementor-widget elementor-widget-tabs\" data-id=\"707b303\" data-element_type=\"widget\" data-widget_type=\"tabs.default\">\n\t\t\t\t<div class=\"elementor-widget-container\">\n\t\t\t\t\t\t\t<div class=\"elementor-tabs\">\n\t\t\t<div class=\"elementor-tabs-wrapper\" role=\"tablist\" >\n\t\t\t\t\t\t\t\t\t<div id=\"elementor-tab-title-1171\" class=\"elementor-tab-title elementor-tab-desktop-title\" aria-selected=\"true\" data-tab=\"1\" role=\"tab\" tabindex=\"0\" aria-controls=\"elementor-tab-content-1171\" aria-expanded=\"false\">\u00bfQU\u00c9 ES LA ONCOLOG\u00cdA?<\/div>\n\t\t\t\t\t\t\t\t\t<div id=\"elementor-tab-title-1172\" class=\"elementor-tab-title elementor-tab-desktop-title\" aria-selected=\"false\" data-tab=\"2\" role=\"tab\" tabindex=\"-1\" aria-controls=\"elementor-tab-content-1172\" aria-expanded=\"false\">\u00bfCU\u00c1NDO DEBO ACUDIR?<\/div>\n\t\t\t\t\t\t\t\t\t<div id=\"elementor-tab-title-1173\" class=\"elementor-tab-title elementor-tab-desktop-title\" aria-selected=\"false\" data-tab=\"3\" role=\"tab\" tabindex=\"-1\" aria-controls=\"elementor-tab-content-1173\" aria-expanded=\"false\">ENFERMEDADES QUE TRATA<\/div>\n\t\t\t\t\t\t\t\t\t<div id=\"elementor-tab-title-1174\" class=\"elementor-tab-title elementor-tab-desktop-title\" aria-selected=\"false\" data-tab=\"4\" role=\"tab\" tabindex=\"-1\" aria-controls=\"elementor-tab-content-1174\" aria-expanded=\"false\">EQUIPOS M\u00c9DICOS<\/div>\n\t\t\t\t\t\t\t<\/div>\n\t\t\t<div class=\"elementor-tabs-content-wrapper\" role=\"tablist\" aria-orientation=\"vertical\">\n\t\t\t\t\t\t\t\t\t<div class=\"elementor-tab-title elementor-tab-mobile-title\" aria-selected=\"true\" data-tab=\"1\" role=\"tab\" tabindex=\"0\" aria-controls=\"elementor-tab-content-1171\" aria-expanded=\"false\">\u00bfQU\u00c9 ES LA ONCOLOG\u00cdA?<\/div>\n\t\t\t\t\t<div id=\"elementor-tab-content-1171\" class=\"elementor-tab-content elementor-clearfix\" data-tab=\"1\" role=\"tabpanel\" aria-labelledby=\"elementor-tab-title-1171\" tabindex=\"0\" hidden=\"false\"><p>Es el servicio que brinda una atenci\u00f3n integral a pacientes con c\u00e1ncer, tanto en diagn\u00f3stico como el tratamiento de la enfermedad y, en especial, el complejo campo de las enfermedades neopl\u00e1sicas hematol\u00f3gicas.<\/p><p>En nuestro hospital contamos con un comit\u00e9 multidisciplinario para evaluar a los pacientes, es decir, desde tratamientos sist\u00e9micos, tales como las quimioterapias, radioterapia y cirug\u00edas, hasta apoyo psicol\u00f3gico, social y\u00a0 de cuidados paliativos.\u00a0\u00a0\u00a0<\/p><p>Pero, \u00bfQu\u00e9 es el c\u00e1ncer? El c\u00e1ncer es un t\u00e9rmino que se usa para enfermedades en las que c\u00e9lulas anormales se dividen sin control y pueden invadir otros tejidos. Las c\u00e9lulas cancerosas pueden diseminarse a otras partes del cuerpo por el sistema sangu\u00edneo y por el sistema linf\u00e1tico.<\/p><p>El c\u00e1ncer puede tratarse con cirug\u00eda, radioterapia, quimioterapia, terapia hormonal o con terapia biol\u00f3gica. El m\u00e9dico puede usar un m\u00e9todo o una combinaci\u00f3n de m\u00e9todos, dependiendo del tipo y ubicaci\u00f3n del c\u00e1ncer, de si la enfermedad se ha extendido, la edad y salud general del paciente y de otros factores. Puesto que el tratamiento para el c\u00e1ncer puede da\u00f1ar tambi\u00e9n c\u00e9lulas y tejidos sanos, con frecuencia causa efectos secundarios.<\/p><p>Algunos pacientes se pueden preocupar de que los efectos secundarios sean peores que la enfermedad. Sin embargo, los pacientes y los m\u00e9dicos discuten generalmente las opciones de tratamiento comparando los beneficios probables de destruir las c\u00e9lulas cancerosas y los riesgos de efectos secundarios posibles. Los m\u00e9dicos pueden sugerir formas de reducir o eliminar los problemas que se pueden presentar durante y despu\u00e9s del tratamiento.<\/p><p>Nuestro equipo est\u00e1 formado por profesionales m\u00e9dicos y cirujanos onc\u00f3logos, m\u00e9dicos de medicina nuclear, enfermeras, tens, Radioterapeuta de IRAM y personal auxiliar, todos especializados en afecciones Hemato Oncol\u00f3gicas.<\/p><p>Considera tambi\u00e9n la participaci\u00f3n de m\u00e9dicos especializados en el tratamiento del dolor y cuidados paliativos, los cuales tratan el dolor cr\u00f3nico y agudo causado por el c\u00e1ncer. De esta manera, entregar una mejor calidad de vida al paciente durante su tratamiento.<\/p><p>As\u00ed mismo, contamos con asistente social, quien orienta a los pacientes en relaci\u00f3n a los pagos de medicamentos, la estad\u00eda en Santiago de\u00a0 ser de regiones y apoyo familiar.<\/p><p>El Servicio atiende a pacientes ambulatorios y hospitalizados. Para estos \u00faltimos se dispone de una unidad especial de Quimioterapia con 10 piezas de aislamiento, utilizadas tambi\u00e9n para trasplante de m\u00e9dula \u00f3sea, realizaci\u00f3n de mielogramas, biopsia de medula \u00f3sea, tratamiento del dolor y hospitalizaci\u00f3n en fase terminal del c\u00e1ncer.<\/p><\/div>\n\t\t\t\t\t\t\t\t\t<div class=\"elementor-tab-title elementor-tab-mobile-title\" aria-selected=\"false\" data-tab=\"2\" role=\"tab\" tabindex=\"-1\" aria-controls=\"elementor-tab-content-1172\" aria-expanded=\"false\">\u00bfCU\u00c1NDO DEBO ACUDIR?<\/div>\n\t\t\t\t\t<div id=\"elementor-tab-content-1172\" class=\"elementor-tab-content elementor-clearfix\" data-tab=\"2\" role=\"tabpanel\" aria-labelledby=\"elementor-tab-title-1172\" tabindex=\"0\" hidden=\"hidden\"><p>El paciente es enviado v\u00eda interconsulta por otro especialista ante las sospechas de las patolog\u00edas relacionadas con el c\u00e1ncer.<\/p><\/div>\n\t\t\t\t\t\t\t\t\t<div class=\"elementor-tab-title elementor-tab-mobile-title\" aria-selected=\"false\" data-tab=\"3\" role=\"tab\" tabindex=\"-1\" aria-controls=\"elementor-tab-content-1173\" aria-expanded=\"false\">ENFERMEDADES QUE TRATA<\/div>\n\t\t\t\t\t<div id=\"elementor-tab-content-1173\" class=\"elementor-tab-content elementor-clearfix\" data-tab=\"3\" role=\"tabpanel\" aria-labelledby=\"elementor-tab-title-1173\" tabindex=\"0\" hidden=\"hidden\"><p>El c\u00e1ncer no es solo una enfermedad sino muchas enfermedades. Hay m\u00e1s de 100 diferentes tipos de c\u00e1ncer. La mayor\u00eda de los c\u00e1nceres toman el nombre del \u00f3rgano o de las c\u00e9lulas en donde empiezan; por ejemplo, el c\u00e1ncer que empieza en el colon se llama c\u00e1ncer de colon; el c\u00e1ncer que empieza en las c\u00e9lulas basales de la piel se llama carcinoma de c\u00e9lulas basales. Los tipos de c\u00e1ncer se pueden agrupar en categor\u00edas m\u00e1s amplias. Las categor\u00edas principales de c\u00e1ncer son:<\/p><ul><li><strong>Carcinoma:<\/strong>\u00a0c\u00e1ncer que empieza en la piel o en tejidos que revisten o cubren los \u00f3rganos internos.<\/li><li><strong>Sarcoma:<\/strong>\u00a0c\u00e1ncer que empieza en hueso, en cart\u00edlago, grasa, m\u00fasculo, vasos sangu\u00edneos u otro tejido conjuntivo o de sost\u00e9n.<\/li><li><strong>Leucemia:<\/strong>\u00a0c\u00e1ncer que empieza en el tejido en el que se forma la sangre, como la m\u00e9dula \u00f3sea, y causa que se produzcan grandes cantidades de c\u00e9lulas sangu\u00edneas anormales y que entren en la sangre.<\/li><li><strong>Linfoma y mieloma:<\/strong>\u00a0c\u00e1nceres que empiezan en las c\u00e9lulas del sistema inmunitario.<\/li><li><strong>C\u00e1nceres del sistema nervioso central:<\/strong> c\u00e1nceres que empiezan en los tejidos del cerebro y de la m\u00e9dula espinal.<\/li><\/ul><\/div>\n\t\t\t\t\t\t\t\t\t<div class=\"elementor-tab-title elementor-tab-mobile-title\" aria-selected=\"false\" data-tab=\"4\" role=\"tab\" tabindex=\"-1\" aria-controls=\"elementor-tab-content-1174\" aria-expanded=\"false\">EQUIPOS M\u00c9DICOS<\/div>\n\t\t\t\t\t<div id=\"elementor-tab-content-1174\" class=\"elementor-tab-content elementor-clearfix\" data-tab=\"4\" role=\"tabpanel\" aria-labelledby=\"elementor-tab-title-1174\" tabindex=\"0\" hidden=\"hidden\"><table width=\"142\" cellspacing=\"3\" cellpadding=\"3\"><tbody><tr><td><p><img decoding=\"async\" class=\"aligncenter wp-image-5295 size-full\" src=\"https:\/\/www.hms.cl\/wp-content\/uploads\/2025\/08\/Dr.-Amaury-Blanco-C-e1755621777443.png\" alt=\"\" width=\"143\" height=\"190\" \/><\/p><p style=\"text-align: center;\">Dr. Amaury Blanco C.<\/p><\/td><td><p><img decoding=\"async\" class=\"aligncenter wp-image-5296 size-full\" src=\"https:\/\/www.hms.cl\/wp-content\/uploads\/2025\/08\/Dra.-Ada-Hernandez-Duque-e1755621813747.png\" alt=\"\" width=\"144\" height=\"190\" \/><\/p><p style=\"text-align: center;\">Dra. Ada Hern\u00e1ndez Duque.<\/p><\/td><td><p><img decoding=\"async\" class=\"aligncenter wp-image-5297 size-full\" src=\"https:\/\/www.hms.cl\/wp-content\/uploads\/2025\/08\/Dra.-Beatriz-Comparini-e1755621826272.png\" alt=\"\" width=\"143\" height=\"190\" \/><\/p><p style=\"text-align: center;\">Dra. Beatriz Comparini.<\/p><\/td><\/tr><\/tbody><\/table><table width=\"142\" cellspacing=\"3\" cellpadding=\"3\"><tbody><tr><td><p><img loading=\"lazy\" decoding=\"async\" class=\"aligncenter wp-image-5298 size-full\" src=\"https:\/\/www.hms.cl\/wp-content\/uploads\/2025\/08\/Dra.-Bernardita-Bresciani-F-e1755621839589.png\" alt=\"\" width=\"143\" height=\"190\" \/><\/p><p style=\"text-align: center;\">Dra. Bernardita Bresciani F.<\/p><\/td><td><p><img loading=\"lazy\" decoding=\"async\" class=\"aligncenter wp-image-5299 size-full\" src=\"https:\/\/www.hms.cl\/wp-content\/uploads\/2025\/08\/Dra.-Eva-Garcia-T-e1755621848900.png\" alt=\"\" width=\"143\" height=\"190\" \/><\/p><p style=\"text-align: center;\">Dra. Eva Garc\u00eda T.<\/p><\/td><td><p><img loading=\"lazy\" decoding=\"async\" class=\"aligncenter wp-image-5300 size-full\" src=\"https:\/\/www.hms.cl\/wp-content\/uploads\/2025\/08\/Dra.-Ma.-Josefina-Perez-Nunez-e1755621856522.png\" alt=\"\" width=\"143\" height=\"190\" \/><\/p><p style=\"text-align: center;\">Dra. Ma. Josefina P\u00e9rez N\u00fa\u00f1ez.<\/p><\/td><\/tr><\/tbody><\/table><table width=\"142\" cellspacing=\"3\" cellpadding=\"3\"><tbody><tr><td><p><img loading=\"lazy\" decoding=\"async\" class=\"aligncenter wp-image-5303 size-full\" src=\"https:\/\/www.hms.cl\/wp-content\/uploads\/2025\/08\/Dra.-Patricia-Carvajal-Tapia-e1755622028247.png\" alt=\"\" width=\"138\" height=\"190\" \/><\/p><p style=\"text-align: center;\">Dra. Patricia Carvajal Tapia.<\/p><\/td><td><p><img loading=\"lazy\" decoding=\"async\" class=\"wp-image-5301 size-full aligncenter\" src=\"https:\/\/www.hms.cl\/wp-content\/uploads\/2025\/08\/Dra.-Macarena-Molina-Carreno-e1755621863307.png\" alt=\"\" width=\"143\" height=\"190\" \/><\/p><p style=\"text-align: center;\">Dra. Macarena Molina Carre\u00f1o.<\/p><\/td><td style=\"text-align: center;\"><p><img loading=\"lazy\" decoding=\"async\" class=\"aligncenter wp-image-6478\" src=\"https:\/\/www.hms.cl\/wp-content\/uploads\/2025\/11\/Dra.-Macarena-Munoz-Arros-225x300.png\" alt=\"\" width=\"143\" height=\"191\" srcset=\"https:\/\/www.hms.cl\/wp-content\/uploads\/2025\/11\/Dra.-Macarena-Munoz-Arros-225x300.png 225w, https:\/\/www.hms.cl\/wp-content\/uploads\/2025\/11\/Dra.-Macarena-Munoz-Arros.png 375w\" sizes=\"(max-width: 143px) 100vw, 143px\" \/><\/p><p>Dra. Macarena Mu\u00f1oz Arros<\/p><\/td><\/tr><\/tbody><\/table><\/div>\n\t\t\t\t\t\t\t<\/div>\n\t\t<\/div>\n\t\t\t\t\t\t<\/div>\n\t\t\t\t<\/div>\n\t\t\t\t\t<\/div>\n\t\t\t\t<\/div>\n\t\t\t\t<\/div>\n\t\t","protected":false},"excerpt":{"rendered":"<p>Es el servicio que brinda una atenci\u00f3n integral a pacientes con c\u00e1ncer, tanto en diagn\u00f3stico como el tratamiento de la enfermedad y, en especial<\/p>\n","protected":false},"author":1,"featured_media":0,"parent":0,"menu_order":0,"comment_status":"closed","ping_status":"closed","template":"","meta":{"footnotes":""},"class_list":["post-3984","page","type-page","status-publish","hentry"],"yoast_head":"<!-- This site is optimized with the Yoast SEO plugin v25.6 - https:\/\/yoast.com\/wordpress\/plugins\/seo\/ -->\n<title>ONCOLOG\u00cdA - Hospital Militar de Santiago<\/title>\n<meta name=\"robots\" content=\"index, follow, max-snippet:-1, max-image-preview:large, max-video-preview:-1\" \/>\n<link rel=\"canonical\" href=\"https:\/\/www.hms.cl\/index.php\/oncologia\/\" \/>\n<meta property=\"og:locale\" content=\"es_ES\" \/>\n<meta property=\"og:type\" content=\"article\" \/>\n<meta property=\"og:title\" content=\"ONCOLOG\u00cdA - Hospital Militar de Santiago\" \/>\n<meta property=\"og:description\" content=\"Es el servicio que brinda una atenci\u00f3n integral a pacientes con c\u00e1ncer, tanto en diagn\u00f3stico como el tratamiento de la enfermedad y, en especial\" \/>\n<meta property=\"og:url\" content=\"https:\/\/www.hms.cl\/index.php\/oncologia\/\" \/>\n<meta property=\"og:site_name\" content=\"Hospital Militar de Santiago\" \/>\n<meta property=\"article:publisher\" content=\"https:\/\/www.facebook.com\/hospitalmilitardesantiago\" \/>\n<meta property=\"article:modified_time\" content=\"2025-11-03T18:28:52+00:00\" \/>\n<meta property=\"og:image\" content=\"https:\/\/www.hms.cl\/wp-content\/uploads\/2025\/08\/Dr.-Amaury-Blanco-C-e1755621777443.png\" \/>\n\t<meta property=\"og:image:width\" content=\"143\" \/>\n\t<meta property=\"og:image:height\" content=\"190\" \/>\n\t<meta property=\"og:image:type\" content=\"image\/png\" \/>\n<meta name=\"twitter:card\" content=\"summary_large_image\" \/>\n<meta name=\"twitter:site\" content=\"@HosMilSantiago\" \/>\n<meta name=\"twitter:label1\" content=\"Tiempo estimado de lectura\" \/>\n\t<meta name=\"twitter:data1\" content=\"5 minutos\" \/>\n<script type=\"application\/ld+json\" class=\"yoast-schema-graph\">{\"@context\":\"https:\/\/schema.org\",\"@graph\":[{\"@type\":\"WebPage\",\"@id\":\"https:\/\/www.hms.cl\/index.php\/oncologia\/\",\"url\":\"https:\/\/www.hms.cl\/index.php\/oncologia\/\",\"name\":\"ONCOLOG\u00cdA - Hospital Militar de Santiago\",\"isPartOf\":{\"@id\":\"https:\/\/www.hms.cl\/#website\"},\"primaryImageOfPage\":{\"@id\":\"https:\/\/www.hms.cl\/index.php\/oncologia\/#primaryimage\"},\"image\":{\"@id\":\"https:\/\/www.hms.cl\/index.php\/oncologia\/#primaryimage\"},\"thumbnailUrl\":\"https:\/\/www.hms.cl\/wp-content\/uploads\/2025\/08\/Dr.-Amaury-Blanco-C-e1755621777443.png\",\"datePublished\":\"2025-07-03T19:51:58+00:00\",\"dateModified\":\"2025-11-03T18:28:52+00:00\",\"breadcrumb\":{\"@id\":\"https:\/\/www.hms.cl\/index.php\/oncologia\/#breadcrumb\"},\"inLanguage\":\"es-CL\",\"potentialAction\":[{\"@type\":\"ReadAction\",\"target\":[\"https:\/\/www.hms.cl\/index.php\/oncologia\/\"]}]},{\"@type\":\"ImageObject\",\"inLanguage\":\"es-CL\",\"@id\":\"https:\/\/www.hms.cl\/index.php\/oncologia\/#primaryimage\",\"url\":\"https:\/\/www.hms.cl\/wp-content\/uploads\/2025\/08\/Dr.-Amaury-Blanco-C-e1755621777443.png\",\"contentUrl\":\"https:\/\/www.hms.cl\/wp-content\/uploads\/2025\/08\/Dr.-Amaury-Blanco-C-e1755621777443.png\",\"width\":143,\"height\":190},{\"@type\":\"BreadcrumbList\",\"@id\":\"https:\/\/www.hms.cl\/index.php\/oncologia\/#breadcrumb\",\"itemListElement\":[{\"@type\":\"ListItem\",\"position\":1,\"name\":\"Home\",\"item\":\"https:\/\/www.hms.cl\/\"},{\"@type\":\"ListItem\",\"position\":2,\"name\":\"ONCOLOG\u00cdA\"}]},{\"@type\":\"WebSite\",\"@id\":\"https:\/\/www.hms.cl\/#website\",\"url\":\"https:\/\/www.hms.cl\/\",\"name\":\"Hospital Militar de Santiago\",\"description\":\"\",\"publisher\":{\"@id\":\"https:\/\/www.hms.cl\/#organization\"},\"potentialAction\":[{\"@type\":\"SearchAction\",\"target\":{\"@type\":\"EntryPoint\",\"urlTemplate\":\"https:\/\/www.hms.cl\/?s={search_term_string}\"},\"query-input\":{\"@type\":\"PropertyValueSpecification\",\"valueRequired\":true,\"valueName\":\"search_term_string\"}}],\"inLanguage\":\"es-CL\"},{\"@type\":\"Organization\",\"@id\":\"https:\/\/www.hms.cl\/#organization\",\"name\":\"Hospital Militar de Santiago\",\"url\":\"https:\/\/www.hms.cl\/\",\"logo\":{\"@type\":\"ImageObject\",\"inLanguage\":\"es-CL\",\"@id\":\"https:\/\/www.hms.cl\/#\/schema\/logo\/image\/\",\"url\":\"https:\/\/www.hms.cl\/wp-content\/uploads\/2025\/07\/Logo-Vertical-Mediano.png\",\"contentUrl\":\"https:\/\/www.hms.cl\/wp-content\/uploads\/2025\/07\/Logo-Vertical-Mediano.png\",\"width\":1280,\"height\":720,\"caption\":\"Hospital Militar de Santiago\"},\"image\":{\"@id\":\"https:\/\/www.hms.cl\/#\/schema\/logo\/image\/\"},\"sameAs\":[\"https:\/\/www.facebook.com\/hospitalmilitardesantiago\",\"https:\/\/x.com\/HosMilSantiago\",\"https:\/\/www.instagram.com\/hospitalmilitardesantiago\/\",\"https:\/\/www.linkedin.com\/company\/hospital-militar-de-santiago-hosmil\",\"https:\/\/www.youtube.com\/c\/HMSVIDEO\"]}]}<\/script>\n<!-- \/ Yoast SEO plugin. -->","yoast_head_json":{"title":"ONCOLOG\u00cdA - Hospital Militar de Santiago","robots":{"index":"index","follow":"follow","max-snippet":"max-snippet:-1","max-image-preview":"max-image-preview:large","max-video-preview":"max-video-preview:-1"},"canonical":"https:\/\/www.hms.cl\/index.php\/oncologia\/","og_locale":"es_ES","og_type":"article","og_title":"ONCOLOG\u00cdA - Hospital Militar de Santiago","og_description":"Es el servicio que brinda una atenci\u00f3n integral a pacientes con c\u00e1ncer, tanto en diagn\u00f3stico como el tratamiento de la enfermedad y, en especial","og_url":"https:\/\/www.hms.cl\/index.php\/oncologia\/","og_site_name":"Hospital Militar de Santiago","article_publisher":"https:\/\/www.facebook.com\/hospitalmilitardesantiago","article_modified_time":"2025-11-03T18:28:52+00:00","og_image":[{"width":143,"height":190,"url":"https:\/\/www.hms.cl\/wp-content\/uploads\/2025\/08\/Dr.-Amaury-Blanco-C-e1755621777443.png","type":"image\/png"}],"twitter_card":"summary_large_image","twitter_site":"@HosMilSantiago","twitter_misc":{"Tiempo estimado de lectura":"5 minutos"},"schema":{"@context":"https:\/\/schema.org","@graph":[{"@type":"WebPage","@id":"https:\/\/www.hms.cl\/index.php\/oncologia\/","url":"https:\/\/www.hms.cl\/index.php\/oncologia\/","name":"ONCOLOG\u00cdA - Hospital Militar de Santiago","isPartOf":{"@id":"https:\/\/www.hms.cl\/#website"},"primaryImageOfPage":{"@id":"https:\/\/www.hms.cl\/index.php\/oncologia\/#primaryimage"},"image":{"@id":"https:\/\/www.hms.cl\/index.php\/oncologia\/#primaryimage"},"thumbnailUrl":"https:\/\/www.hms.cl\/wp-content\/uploads\/2025\/08\/Dr.-Amaury-Blanco-C-e1755621777443.png","datePublished":"2025-07-03T19:51:58+00:00","dateModified":"2025-11-03T18:28:52+00:00","breadcrumb":{"@id":"https:\/\/www.hms.cl\/index.php\/oncologia\/#breadcrumb"},"inLanguage":"es-CL","potentialAction":[{"@type":"ReadAction","target":["https:\/\/www.hms.cl\/index.php\/oncologia\/"]}]},{"@type":"ImageObject","inLanguage":"es-CL","@id":"https:\/\/www.hms.cl\/index.php\/oncologia\/#primaryimage","url":"https:\/\/www.hms.cl\/wp-content\/uploads\/2025\/08\/Dr.-Amaury-Blanco-C-e1755621777443.png","contentUrl":"https:\/\/www.hms.cl\/wp-content\/uploads\/2025\/08\/Dr.-Amaury-Blanco-C-e1755621777443.png","width":143,"height":190},{"@type":"BreadcrumbList","@id":"https:\/\/www.hms.cl\/index.php\/oncologia\/#breadcrumb","itemListElement":[{"@type":"ListItem","position":1,"name":"Home","item":"https:\/\/www.hms.cl\/"},{"@type":"ListItem","position":2,"name":"ONCOLOG\u00cdA"}]},{"@type":"WebSite","@id":"https:\/\/www.hms.cl\/#website","url":"https:\/\/www.hms.cl\/","name":"Hospital Militar de Santiago","description":"","publisher":{"@id":"https:\/\/www.hms.cl\/#organization"},"potentialAction":[{"@type":"SearchAction","target":{"@type":"EntryPoint","urlTemplate":"https:\/\/www.hms.cl\/?s={search_term_string}"},"query-input":{"@type":"PropertyValueSpecification","valueRequired":true,"valueName":"search_term_string"}}],"inLanguage":"es-CL"},{"@type":"Organization","@id":"https:\/\/www.hms.cl\/#organization","name":"Hospital Militar de Santiago","url":"https:\/\/www.hms.cl\/","logo":{"@type":"ImageObject","inLanguage":"es-CL","@id":"https:\/\/www.hms.cl\/#\/schema\/logo\/image\/","url":"https:\/\/www.hms.cl\/wp-content\/uploads\/2025\/07\/Logo-Vertical-Mediano.png","contentUrl":"https:\/\/www.hms.cl\/wp-content\/uploads\/2025\/07\/Logo-Vertical-Mediano.png","width":1280,"height":720,"caption":"Hospital Militar de Santiago"},"image":{"@id":"https:\/\/www.hms.cl\/#\/schema\/logo\/image\/"},"sameAs":["https:\/\/www.facebook.com\/hospitalmilitardesantiago","https:\/\/x.com\/HosMilSantiago","https:\/\/www.instagram.com\/hospitalmilitardesantiago\/","https:\/\/www.linkedin.com\/company\/hospital-militar-de-santiago-hosmil","https:\/\/www.youtube.com\/c\/HMSVIDEO"]}]}},"_links":{"self":[{"href":"https:\/\/www.hms.cl\/index.php\/wp-json\/wp\/v2\/pages\/3984","targetHints":{"allow":["GET"]}}],"collection":[{"href":"https:\/\/www.hms.cl\/index.php\/wp-json\/wp\/v2\/pages"}],"about":[{"href":"https:\/\/www.hms.cl\/index.php\/wp-json\/wp\/v2\/types\/page"}],"author":[{"embeddable":true,"href":"https:\/\/www.hms.cl\/index.php\/wp-json\/wp\/v2\/users\/1"}],"replies":[{"embeddable":true,"href":"https:\/\/www.hms.cl\/index.php\/wp-json\/wp\/v2\/comments?post=3984"}],"version-history":[{"count":12,"href":"https:\/\/www.hms.cl\/index.php\/wp-json\/wp\/v2\/pages\/3984\/revisions"}],"predecessor-version":[{"id":6481,"href":"https:\/\/www.hms.cl\/index.php\/wp-json\/wp\/v2\/pages\/3984\/revisions\/6481"}],"wp:attachment":[{"href":"https:\/\/www.hms.cl\/index.php\/wp-json\/wp\/v2\/media?parent=3984"}],"curies":[{"name":"wp","href":"https:\/\/api.w.org\/{rel}","templated":true}]}}